he prime factors of 19330?
2, 5, 1933
List the prime factors of 1660.
2, 5, 83
What are the prime factors of 69446?
2, 13, 2671
List the prime factors of 21105.
3, 5, 7, 67
List the prime factors of 9092.
2, 2273
List the prime factors of 682.
2, 11, 31
List the prime factors of 29366.
2, 14683
List the prime factors of 66344.
2, 8293
List the prime factors of 14742.
2, 3, 7, 13
What are the prime factors of 1775?
5, 71
List the prime factors of 1994.
2, 997
What are the prime factors of 7567?
7, 23, 47
List the prime factors of 381.
3, 127
What are the prime factors of 14020?
2, 5, 701
What are the prime factors of 1209?
3, 13, 31
What are the prime factors of 703?
19, 37
What are the prime factors of 82?
2, 41
What are the prime factors of 11827?
11827
What are the prime factors of 85723?
11, 7793
List the prime factors of 9966.
2, 3, 11, 151
List the prime factors of 13160.
2, 5, 7, 47
What are the prime factors of 4086?
2, 3, 227
What are the prime factors of 7548?
2, 3, 17, 37
What are the prime factors of 500?
2, 5
What are the prime factors of 3102?
2, 3, 11, 47
List the prime factors of 161.
7, 23
List the prime factors of 49673.
13, 3821
List the prime factors of 3137.
3137
List the prime factors of 38997.
3, 7, 619
List the prime factors of 28237.
11, 17, 151
What are the prime factors of 6228?
2, 3, 173
What are the prime factors of 1078?
2, 7, 11
What are the prime factors of 2290?
2, 5, 229
List the prime factors of 2316.
2, 3, 193
What are the prime factors of 1004?
2, 251
What are the prime factors of 2967?
3, 23, 43
What are the prime factors of 40929?
3, 7, 1949
What are the prime factors of 890?
2, 5, 89
List the prime factors of 1282.
2, 641
What are the prime factors of 650?
2, 5, 13
What are the prime factors of 841?
29
List the prime factors of 33110.
2, 5, 7, 11, 43
What are the prime factors of 4055?
5, 811
What are the prime factors of 26180?
2, 5, 7, 11, 17
List the prime factors of 21216.
2, 3, 13, 17
List the prime factors of 4630.
2, 5, 463
What are the prime factors of 2189?
11, 199
List the prime factors of 1240.
2, 5, 31
List the prime factors of 9869.
71, 139
What are the prime factors of 775?
5, 31
What are the prime factors of 7052?
2, 41, 43
What are the prime factors of 498?
2, 3, 83
List the prime factors of 8459.
11, 769
What are the prime factors of 915?
3, 5, 61
What are the prime factors of 45?
3, 5
What are the prime factors of 121154?
2, 11, 5507
List the prime factors of 23141.
73, 317
List the prime factors of 100101.
3, 61, 547
What are the prime factors of 15017?
15017
List the prime factors of 53523.
3, 19, 313
What are the prime factors of 28974?
2, 3, 11, 439
List the prime factors of 32152.
2, 4019
What are the prime factors of 2027?
2027
What are the prime factors of 2848?
2, 89
List the prime factors of 787.
787
What are the prime factors of 6181?
7, 883
What are the prime factors of 39466?
2, 7, 2819
List the prime factors of 1138.
2, 569
What are the prime factors of 1817?
23, 79
List the prime factors of 68968.
2, 37, 233
What are the prime factors of 4786?
2, 2393
What are the prime factors of 35893?
11, 13, 251
List the prime factors of 8139.
3, 2713
List the prime factors of 4762.
2, 2381
List the prime factors of 2606.
2, 1303
What are the prime factors of 1475?
5, 59
List the prime factors of 27110.
2, 5, 2711
What are the prime factors of 4028?
2, 19, 53
What are the prime factors of 4396?
2, 7, 157
What are the prime factors of 1972?
2, 17, 29
What are the prime factors of 11448?
2, 3, 53
List the prime factors of 28783.
107, 269
List the prime factors of 3585.
3, 5, 239
What are the prime factors of 2468?
2, 617
What are the prime factors of 57767?
61, 947
What are the prime factors of 3584?
2, 7
List the prime factors of 2230.
2, 5, 223
List the prime factors of 66043.
211, 313
What are the prime factors of 12271?
7, 1753
What are the prime factors of 33969?
3, 13, 67
List the prime factors of 37152.
2, 3, 43
List the prime factors of 759.
3, 11, 23
What are the prime factors of 4721?
4721
List the prime factors of 1112.
2, 139
List the prime factors of 9238.
2, 31, 149
List the prime factors of 296.
2, 37
What are the prime factors of 67751?
67751
List the prime factors of 52.
2, 13
What are the prime factors of 10960?
2, 5, 137
What are the prime factors of 1482?
2, 3, 13, 19
What are the prime factors of 13638?
2, 3, 2273
List the prime factors of 499.
499
List the prime factors of 6803.
6803
What are the prime factors of 37584?
2, 3, 29
What are the prime factors of 5853?
3, 1951
What are the prime factors of 3550?
2, 5, 71
List the prime factors of 4247.
31, 137
What are the prime factors of 794?
2, 397
What are the prime factors of 111918?
2, 3, 23, 811
List the prime factors of 2987.
29, 103
List the prime factors of 213.
3, 71
What are the prime factors of 35308?
2, 7, 13, 97
What are the prime factors of 497?
7, 71
List the prime factors of 436.
2, 109
List the prime factors of 2287.
2287
What are the prime factors of 947?
947
List the prime factors of 1032.
2, 3, 43
What are the prime factors of 10360?
2, 5, 7, 37
What are the prime factors of 3167?
3167
List the prime factors of 2030.
2, 5, 7, 29
List the prime factors of 4780.
2, 5, 239
List the prime factors of 46088.
2, 7, 823
List the prime factors of 5029.
47, 107
List the prime factors of 3328.
2, 13
What are the prime factors of 19922?
2, 7, 1423
List the prime factors of 37722.
2, 3, 6287
What are the prime factors of 2460?
2, 3, 5, 41
What are the prime factors of 20414?
2, 59, 173
List the prime factors of 18146.
2, 43, 211
List the prime factors of 6554.
2, 29, 113
List the prime factors of 1991.
11, 181
List the prime factors of 445.
5, 89
List the prime factors of 37242.
2, 3, 2069
List the prime factors of 71110.
2, 5, 13, 547
What are the prime factors of 7018?
2, 11, 29
What are the prime factors of 14000?
2, 5, 7
List the prime factors of 9649.
9649
What are the prime factors of 5799?
3, 1933
What are the prime factors of 487?
487
List the prime factors of 82694.
2, 173, 239
List the prime factors of 4494.
2, 3, 7, 107
What are the prime factors of 521?
521
What are the prime factors of 79220?
2, 5, 17, 233
What are the prime factors of 22612?
2, 5653
What are the prime factors of 1986?
2, 3, 331
What are the prime factors of 2175?
3, 5, 29
List the prime factors of 5707.
13, 439
What are the prime factors of 94360?
2, 5, 7, 337
List the prime factors of 15285.
3, 5, 1019
What are the prime factors of 6836?
2, 1709
What are the prime factors of 479?
479
What are the prime factors of 20232?
2, 3, 281
List the prime factors of 2186.
2, 1093
What are the prime factors of 35853?
3, 17, 19, 37
List the prime factors of 7495.
5, 1499
What are the prime factors of 1897?
7, 271
What are the prime factors of 304?
2, 19
List the prime factors of 1370.
2, 5, 137
What are the prime factors of 4289?
4289
List the prime factors of 63521.
63521
What are the prime factors of 3215?
5, 643
List the prime factors of 46678.
2, 23339
List the prime factors of 9629.
9629
List the prime factors of 38934.
2, 3, 7, 103
What are the prime factors of 11604?
2, 3, 967
What are the prime factors of 8929?
8929
List the prime factors of 1046.
2, 523
What are the prime factors of 9754?
2, 4877
What are the prime factors of 2288?
2, 11, 13
What are the prime factors of 24231?
3, 41, 197
What are the prime factors of 1661?
11, 151
What are the prime factors of 2305?
5, 461
List the prime factors of 2374.
2, 1187
List the prime factors of 48216.
2, 3, 7, 41
What are the prime factors of 15689?
29, 541
List the prime factors of 820.
2, 5, 41
List the prime factors of 48194.
2, 24097
List the prime factors of 819.
3, 7, 13
List the prime factors of 119376.
2, 3, 829
What are the prime factors of 2207?
2207
What are the prime factors of 58632?
2, 3, 7, 349
List the prime factors of 474.
2, 3, 79
List the prime factors of 11228.
2, 7, 401
List the prime factors of 27709.
11, 229
What are the prime factors of 9781?
9781
List the prime factors of 18103.
43, 421
List the prime factors of 20314.
2, 7, 1451
List the prime factors of 2764.
2, 691
What are the prime factors of 16348?
2, 61, 67
What are the prime factors of 964?
2, 241
What a